 t**2 + 250 - 564 + 316 + 8*t. Determine p(-13).
67
Let h = 2739 - 2739. Let a(m) = 2*m - 26. Determine a(h).
-26
Let y = 20 - 91. Let w = 69 + y. Let a(o) = o**3 + 4*o**2 + 5*o + 5. Give a(w).
3
Let a(n) = -4*n**3 + 8*n**2 - 15*n - 14. Let q(y) = -7*y**3 + 17*y**2 - 30*y - 19. Let h(f) = -5*a(f) + 3*q(f). Determine h(10).
-37
Suppose -14*k + 28 + 56 = 0. Let d(u) = -k - 202*u + 203*u + 17. Let x be ((-7)/4)/(2/8). Calculate d(x).
4
Let i(m) = -34*m + 153*m - 35*m - 6 - 24*m - 38*m. Calculate i(0).
-6
Let a(l) = -109. Let g(t) = -t - 594. Let w(m) = -11*a(m) + 2*g(m). Calculate w(10).
-9
Suppose 4*m - 34 = 2*m. Suppose m - 41 = -6*u. Let x(c) = -83*c**2 + 86*c**2 + u + c**3 + 4*c - c. Determine x(-4).
-24
Suppose -4*a - 33 = -9. Suppose -5*m = -17 + 22. Let u be -1 + m - (-5 + a)/1. Let t(y) = -y**2 + 10*y + 5. Give t(u).
14
Let f(s) = 285*s + 127. Let o(l) = 50*l + 21. Let d(x) = 3*f(x) - 17*o(x). Determine d(0).
24
Let k(s) = -86*s - 80*s - 26 - 78*s + 336*s - 85*s. Determine k(10).
44
Let v(w) = -w**3 - 13*w**2 - 8*w + 28. Let n(o) = -o**3 + 15*o**2 - 10*o - 68. Let b be n(14). What is v(b)?
-20
Let g(a) = a - 8. Let z be g(7). Let f(o) be the second derivative of -39*o + 0 - 1/2*o**2 - 1/3*o**3 + 1/2*o**4. What is f(z)?
7
Let b(s) = 3*s**3 + 40*s**2 + 17*s + 46. Let w(l) = -61*l + 2244. Let t be w(37). Give b(t).
-6
Let y(q) = -q**2 - 15*q - 28. Let f(s) = -2*s**2 - 14*s + 35 - 55 + 4*s. Let v be f(-4). Give y(v).
8
Let y = 26404 - 26405. Let d(l) = l**3 - 8*l - 9. Calculate d(y).
-2
Let m(x) = -x**3 - x**2 - 3*x - 4. Suppose 0*d + 11 = -3*n + 5*d, -2*n + d - 5 = 0. Let b be m(n). Suppose 4*w - b = w. Let p(f) = f - 2. Calculate p(w).
0
Let y = -999 + 175. Let t = y + 813. Let v(l) = 2*l + 10. What is v(t)?
-12
Let m(c) = 2*c**3 - 3*c**2 + c + 2. Suppose 0 = p + 5*p. Let z be -1*11*(p - 4). Let u be (-48)/(-22) + (-8)/z. Calculate m(u).
8
Let o(c) = 69 - 192 + 64 - 12*c + 65. Calculate o(6).
-66
Let l = 4730 - 4735. Let r(q) = -8*q - 41. Give r(l).
-1
Let p(k) = k**3 + 43*k**2 - 240*k. Let i be p(-48). Suppose -5*w = -8 - 22. Suppose 3*a - w = -i. Let z(f) = -5*f + 3. Give z(a).
-7
Let t(r) = -2 - 2*r**2 - 647*r + 647*r. Suppose 57*k - 3 = 61*k + 3*i, 2*k - 2*i = -12. Calculate t(k).
-20
Let w(o) be the third derivative of -o**4/24 + 20*o**3/3 - 1431*o**2 - 1. Calculate w(12).
28
Suppose -3*g - 30 = 5*f, 2*g - 4*f = g + 7. Let a(n) = -7*n + 6. Let h = -9 + 4. Let j(w) = 11*w - 9. Let d(k) = h*j(k) - 8*a(k). Calculate d(g).
-8
Let w(v) = v**2 - v + 3. Suppose 1575 = -5*k + 5*f, 5*k - f = -1395 - 188. Let a = k + 324. What is w(a)?
45
Suppose -2*n = 5*t - 113, 0 = 5*n - 8*n - 3. Suppose -x - 8*x = -t*x. Let i(l) = -l**3 + l**2 + l - 15. Determine i(x).
-15
Let r(a) be the second derivative of -a**3/3 - 2*a**2 + 926*a. Give r(-7).
10
Let j be (-385)/(-110)*13/21. Let m(c) be the third derivative of -1/24*c**4 - j*c**3 + 23*c**2 + 0*c + 0. Determine m(-7).
-6
Let t(n) be the second derivative of -n**4/4 - n**2/2 - n. Suppose -28 = 2*a - 0*j - j, 3*j = -12. Let l be 12/a - (-1)/(-4). Calculate t(l).
-4
Let d(f) = f**3 - 7*f**2 - 7*f + 89. Let x(o) = o**3 - 38*o**2 - 26*o - 502. Let l be x(39). Calculate d(l).
4
Suppose -18*h - 2505 = -117*h - 402*h. Let p(u) = u - 1. Let i(z) = -z - 1. Let a(l) = -i(l) + 2*p(l). Give a(h).
14
Let q = 7 + -6. Let s be (q - -2)/(-1) + 7. Let j(a) = 16*a**2 - 8*a + 8. Let i(n) = -9*n**2 + 4*n - 4. Let k(u) = -7*i(u) - 4*j(u). Give k(s).
-4
Let w(o) = -2*o + 27 + 2*o + o + 3*o. Let i be w(-5). Let z(l) = l - 10. Determine z(i).
-3
Let a(f) = -149*f**2 - 3*f + 77*f**2 + 8 + 71*f**2 - 2 - 2. Calculate a(-5).
-6
Suppose 28*i - 648 - 408 = -38*i. Let c(p) = -p**3 + 17*p**2 - 8*p - 121. Give c(i).
7
Let j = 68544 + -68540. Let k(s) = -3 - 3*s - 4 + 2. Give k(j).
-17
Let t(u) = -u**2 - 2*u + 2. Let h(n) = -4*n**2 + 4. Let c(l) = h(l) - 3*t(l). Suppose 2*s = -2*i + 10, -2*s - 2*s = -3*i + 22. Let j = 10 - i. Give c(j).
6
Let p(x) = -x**3 + 4*x**2 + 5*x + 3. Suppose -12*r + 44 + 16 = 0. Let t = 19 + -4. Let v be r/t*15*1. What is p(v)?
3
Let g(y) = -8*y + 104. Let j be (452 - 469) + 29 + 1. Determine g(j).
0
Let f(d) = -1. Let l(j) = 2*j. Let s be (5 + -6)*-1 + (2 - 4). Let h(o) = o**2. Let v be h(s). Let n(t) = v*l(t) + f(t). Calculate n(6).
11
Let u(x) = -5 + x - 7*x**3 - 4*x**3 - 6*x**2 + 12*x**3. Let q be (-7)/(-1) + (-153 - -152). Calculate u(q).
1
Let q(u) = 3*u**2 + 13*u - 4. Let m(a) = 4*a**2 + 14*a - 3. Let t(l) = -4*m(l) + 5*q(l). Suppose -4*c = 27 + 13, 3*x + 29 = -5*c. Give t(x).
6
Let b(j) = -4*j**2 - 5*j + 1. Let z(h) = 9*h**2 + 10*h - 1. Let i(q) = 7*b(q) + 3*z(q). Suppose -2*c + 1050 - 24 = 0. Suppose c*m - 509*m = -24. What is i(m)?
-2
Let l(m) = 26*m + 10. Let h(u) = -3*u**3 + 11*u**2 + 15*u + 20. Let g be h(5). Determine l(g).
-120
Let f = -109 - -115. Let s(z) = 31 - 4*z - 32 + 9*z + f*z. Let j be 7 + -10 + 1 + 1. Give s(j).
-12
Let g(j) = -j**3 - 10*j**2 - 5*j - 16. Let w(l) = l. Suppose -16*n = 8 + 8. Let h(i) = n*g(i) - 4*w(i). Calculate h(-10).
6
Let m(b) = b**2 + 22*b - 553. Let x(g) = -g**2 - 22*g + 387. Let i(r) = 3*m(r) + 4*x(r). Determine i(-13).
6
Suppose -11*p + 211 = 893. Let d = 65 + p. Let i(m) = m**3 + 0*m**d + 3 - 126*m**2 - m + 121*m**2. Calculate i(5).
-2
Let g(z) = -10 + 5*z + 2*z**2 - 11*z - 3*z**2 - 8 - 6*z. Suppose 0 = -8*c - 39 - 41. Determine g(c).
2
Let n be (2/1)/((-4)/18 + (-10)/36). Let p(r) = -r**3 - r**2 + 7*r + 3. What is p(n)?
23
Let h be -1*(1 + -2)*7. Suppose 5*a = h*a - 22. Let c(l) = l**3 + 16*l**2 + 9*l - a*l**2 - 13*l**2 + 3. What is c(7)?
17
Suppose -2*h - h = 0. Suppose 1 = 2*b + u, 4*u = -h*b + 2*b - 26. Let w(t) = -125*t**3 + 243*t**3 - t**2 - 124*t**b. Determine w(-1).
5
Let q = 3 - 2. Suppose t - 3*u = 25, -112 + 21 = -4*t + 3*u. Let a(k) = t*k - q - 15*k - 4*k. Give a(1).
2
Let m(w) = w + 1. Let y = -227 + -97. Let r = 332 + y. Give m(r).
9
Let z(i) = 4*i**2 + 11*i**3 - 23*i**3 + 14*i**3 - 4*i - 107 + 207 - 118. Determine z(-4).
-66
Let d(h) be the second derivative of -15 - 1/6*h**4 - 2*h - 1/2*h**3 - 3/2*h**2. Calculate d(-4).
-23
Let w(k) be the third derivative of k**5/60 + k**4/6 - 17*k**3/6 - k**2 + 46*k - 7. Calculate w(10).
123
Let h(w) = -6*w + 8 + w + 2*w. Let z(l) = -l**2 + 45*l + 44. Let k be z(45). Suppose k*m = 52*m - 48. Determine h(m).
-10
Suppose 0 = 2*d - 3*r - 1 + 29, -d = 5*r - 12. Let k(g) = -g**3 - g**2 + 15*g + 12. Let n(j) = -j**2 - j - 1. Let o(t) = k(t) + 6*n(t). Determine o(d).
-2
Let o(f) = f**3 - 6*f**2 + 4*f + 1. Let j be (-3 - 0 - 10) + -5. Let s be 4/j - 798/(-189). Give o(s).
-15
Let f(a) = 1 - 5 - a**2 + 1 + a**3. Let d(h) = 4*h**3 - 3*h**2 + h - 12. Let p(y) = 2*d(y) - 9*f(y). Let t be ((-21)/(-3) - (-99)/(-9))*-1. Give p(t).
-5
Let j = 54 - 62. Let u(n) = -2*n**3 - 9*n**2 - 3*n. Let v(p) = 3*p**3 + 14*p**2 + 4*p - 1. Let g(x) = j*u(x) - 5*v(x). Give g(-2).
-3
Suppose 3*b + 18 = -5*k, -4*k + b = 14 - 3. Suppose 0 = -x - 4*x + 10. Let y(n) = -x*n**2 - n - 4*n**3 + 3*n**3 - 2 - n**2. Give y(k).
1
Let f(u) = u - 42. Let j(q) = q**3 + 13*q**2 + 23*q + 299. Let t be j(-13). What is f(t)?
-42
Let f(a) = 14*a + 38. Let y(l) = -24 + 0 + 11 - 5*l. Let h(c) = -4*f(c) - 11*y(c). Determine h(-9).
0
Let z(p) = -p**2 + 8*p + 49. Let j(k) = 2*k**2 - 17*k - 106. Let d(s) = -6*j(s) - 13*z(s). Let g(t) = -3*t**3 + t**2. Let y be g(1). What is d(y)?
7
Let h(u) = u**2 - 9*u - 5. Let l(s) = 0*s**2 - 320*s + s**2 - 2 + 317*s. Let y(j) = h(j) - 3*l(j). Give y(-1).
-1
Let k(j) = -3*j**2 + 27*j - 17. Let f be k(8). Let w(l) = 1 + 1 + f + 1 - l. Give w(6).
4
Let u(o) = -21*o + 15. Let k be u(5). Let m = -83 - k. Let l(w) = -w - m + 24 - 9 - 7. Give l(4).
-3
Let l = 144 + 315. Let f = -455 + l. Let s(z) = -4*z - 5. Calculate s(f).
-21
Let t(n) = 3*n**3 - 6*n**2 + 15*n - 20. Let s(c) = -7*c**3 + 13*c**2 - 35*c + 43. Let q(v) = -2*s(v) - 5*t(v). What is q(5)?
-36
Suppose -24*a + 6 = -20*a + 2*w, w = 2*a - 1. Let p be (200/(-250))/(a/5). Let b(o) = o**2 - o - o - 2*o**2 + 2. Calculate b(p).
-6
Let x(l) be the second derivative of 11*l**3/6 + 10*l**2 - 2*l + 20. What is x(-2)?
-2
Let b(p) = 12*p + 49. Let z be b(-4). Let v be z + -1 + -11 + 4. Let d(h) = 8 + 2*h**3 - 5*h + 2 - 8*h**2 - 1 - 3*h**3. Calculate d(v).
-5
Let w(h) = 78 - 18*h - 29 + 60*h**